{"id":10,"date":"2024-10-10T14:30:47","date_gmt":"2024-10-10T11:30:47","guid":{"rendered":"http:\/\/duru.fermat.com.tr\/?page_id=10"},"modified":"2025-09-01T16:38:23","modified_gmt":"2025-09-01T13:38:23","slug":"contact","status":"publish","type":"page","link":"https:\/\/www.duruexpress.com.tr\/index.php\/contact\/","title":{"rendered":"\u0130leti\u015fim"},"content":{"rendered":"\n<div class=\"wp-block-columns is-layout-flex wp-container-core-columns-is-layout-28f84493 wp-block-columns-is-layout-flex\">\n<div class=\"wp-block-column is-layout-flow wp-block-column-is-layout-flow\">\n<iframe src=\"https:\/\/www.google.com\/maps\/embed?pb=!1m18!1m12!1m3!1d3010.88841322097!2d28.973566800000004!3d41.0058155!2m3!1f0!2f0!3f0!3m2!1i1024!2i768!4f13.1!3m3!1m2!1s0x14cab9970aa37fbd%3A0xd5c7cc64f3317d74!2sDuru%20Express!5e0!3m2!1str!2str!4v1734435765210!5m2!1str!2str\" width=\"600\" height=\"450\" style=\"border:0;\" allowfullscreen=\"\" loading=\"lazy\" referrerpolicy=\"no-referrer-when-downgrade\"><\/iframe>\n<\/div>\n\n\n\n<div class=\"wp-block-column is-layout-flow wp-block-column-is-layout-flow\">\n<h2 class=\"wp-block-heading has-large-font-size\">Adresimiz<\/h2>\n\n\n\n<p class=\"has-small-font-size\">Binbirdirek Mah. Klodfarer Cad. No: 27 Ali Bey \u0130\u015f Han\u0131 K: 2 D: 6 \u2013 \u00c7emberlita\u015f \/ \u0130STANBUL<\/p>\n\n\n\n<h2 class=\"wp-block-heading has-large-font-size\">\u00c7al\u0131\u015fma Saatlerimiz<\/h2>\n\n\n\n<p class=\"has-small-font-size\">Pazartesi \u2013 Cuma g\u00fcnleri aras\u0131 saat 09:00 -18:00 aras\u0131 bize ula\u015fabilirsiniz.<\/p>\n<\/div>\n<\/div>\n\n\n\n<p><\/p>\n","protected":false},"excerpt":{"rendered":"<p>Adresimiz Binbirdirek Mah. Klodfarer Cad. No: 27 Ali Bey \u0130\u015f Han\u0131 K: 2 D: 6 \u2013 \u00c7emberlita\u015f \/ \u0130STANBUL \u00c7al\u0131\u015fma Saatlerimiz Pazartesi \u2013 Cuma g\u00fcnleri aras\u0131 saat 09:00 -18:00 aras\u0131 bize ula\u015fabilirsiniz.<\/p>\n","protected":false},"author":1,"featured_media":0,"parent":0,"menu_order":0,"comment_status":"closed","ping_status":"closed","template":"page-with-no-sidebar","meta":{"footnotes":""},"class_list":["post-10","page","type-page","status-publish","hentry"],"_links":{"self":[{"href":"https:\/\/www.duruexpress.com.tr\/index.php\/wp-json\/wp\/v2\/pages\/10","targetHints":{"allow":["GET"]}}],"collection":[{"href":"https:\/\/www.duruexpress.com.tr\/index.php\/wp-json\/wp\/v2\/pages"}],"about":[{"href":"https:\/\/www.duruexpress.com.tr\/index.php\/wp-json\/wp\/v2\/types\/page"}],"author":[{"embeddable":true,"href":"https:\/\/www.duruexpress.com.tr\/index.php\/wp-json\/wp\/v2\/users\/1"}],"replies":[{"embeddable":true,"href":"https:\/\/www.duruexpress.com.tr\/index.php\/wp-json\/wp\/v2\/comments?post=10"}],"version-history":[{"count":10,"href":"https:\/\/www.duruexpress.com.tr\/index.php\/wp-json\/wp\/v2\/pages\/10\/revisions"}],"predecessor-version":[{"id":156,"href":"https:\/\/www.duruexpress.com.tr\/index.php\/wp-json\/wp\/v2\/pages\/10\/revisions\/156"}],"wp:attachment":[{"href":"https:\/\/www.duruexpress.com.tr\/index.php\/wp-json\/wp\/v2\/media?parent=10"}],"curies":[{"name":"wp","href":"https:\/\/api.w.org\/{rel}","templated":true}]}}